6?
-9
What is the value of 442 + -450 + 0 + -9?
-17
Evaluate -4 + 11 + 13 + 2 + 4.
26
What is the value of -11 + -12 + 25 + 21 + -10?
13
11 + 0 - (-55 + 39 + 17)
10
1071 - 1086 - (-33 + -2)
20
Calculate -2 + 25 - (-80 - -86).
17
Evaluate -17 + (16 - (-32 + 19)) - (-1 - -25).
-12
Calculate -12 - (11 + -19 + (1 - -1)).
-6
What is 9 - (-1 + (8 - -6))?
-4
What is the value of (11 - 19) + (-7 - -18) - (4 + 2)?
-3
What is the value of (1 + -1 - (-16 + (11 - -7))) + 21?
19
What is the value of 0 + -14 + 24 + -12 + -14?
-16
Calculate (18 - (7 - -1)) + -3 + (12 - 9).
10
16 - 16 - 14 - -12
-2
What is 29 + -35 + -1 - (-11 - 1)?
5
Calculate 0 + 8 + -4 + 10 + -8 - 16.
-10
What is the value of 0 - -20 - (-396 + 418)?
-2
Calculate (-6 - 2) + (-8 - -21).
5
-7 - ((21 - 19) + -22 - (10 + -1))
22
0 + -22 - (-26 - -30)
-26
Calculate ((11 - (-11 - -18)) + -14 - -8) + 9.
7
26 + (-37 - -19) - (-2 + 4)
6
Calculate (-1 - (7 - 7)) + -6 + -1.
-8
-5 + -1 + (-32 - -29) + 28
19
What is the value of -82 + 61 + (-5 - -7 - -3)?
-16
-17 - (-26 - (-20 - (-6 - 1)))
-4
Evaluate -4 - (3 + 0 + (2 - 4)) - 3.
-8
What is (-1 - -18) + -31 - -29?
15
What is the value of -145 + 143 - (-1 + 0 + 2)?
-3
(-8 - -8) + (23 - (8 + 19))
-4
What is -4 - 4 - (-2 - -3 - 9)?
0
Evaluate -16 - (-2 - (9 - (11 - 6))).
-10
-1 + (9 - 4) + -3 + -9
-8
What is 218 + -265 - (7 - 87)?
33
Evaluate (-3 + -40 - -33) + -20.
-30
What is 89 - 68 - (-1 + -1 + (11 - 9))?
21
What is the value of 1 - -5 - (68 - 13 - 13 - 1)?
-35
What is (-7 - (-5 - 16)) + -47 - -11?
-22
(32 - (2 - 4)) + (-4 - 17) + 15
28
What is (3 - (-16 + 32)) + 11 - 15?
-17
(0 - 9 - (1 - -6)) + -7
-23
Calculate -873 + 871 - (0 - -22).
-24
Evaluate -17 + (0 - -20) - 14.
-11
-2 + -1 + 34 + -5 + 34 + -34
26
What is 6 + -8 - (3 + -3 + 1 - 8)?
5
What is the value of 0 - 22 - (265 + -271)?
-16
Evaluate 107 + -124 + 0 + 51 + 1.
35
What is the value of (26 - ((-1 - -12) + -8)) + -12?
11
What is the value of (-3 - 8) + -7 + 24 - -6?
12
Evaluate (2 - -4) + 92 + -81 + (5 - -1).
23
What is the value of 4 - (4 - -5 - -3 - -12)?
-20
Calculate ((6 - -9) + -17 - (-3 + 0)) + 5.
6
Evaluate 14 + -9 + -4 + 5.
6
-5 + -11 + 0 + (-1 - (13 - 9))
-21
Calculate -3 - 2 - (0 + 3 + (-8 - 1)).
1
-5 + -6 + 12 - 7
-6
What is the value of -2 + 6 + 1 + -3 - (-15 - -29)?
-12
0 + 1 + -1 + -105 + 98
-7
-22 + -7 + 8 + 1 + 9
-11
What is 5 - 4 - (19 + -15 + -1)?
-2
(15 - 3) + -1 + 1 - 6
6
Evaluate (-45 + 72 - (-1 - -14)) + -2 + 8.
20
Evaluate (29 - 15) + (5 - 6 - 6).
7
What is the value of -3 + -4 + 14 + (-5 - 0)?
2
Evaluate 20 - (-32 + (-21 - -53)).
20
What is the value of 2 + 1 - ((1 - -5) + 80 + -85)?
2
What is (3 - (-2 + 12)) + -16 + (48 - 19)?
6
Calculate 1 - (22 - 30) - (17 + -3).
-5
2 + 11 + -20 - (-9 + 12)
-10
What is 11 + (34 - 20) + -22?
3
(0 + 1 - 7) + 397 + -398
-7
9 - (6 + -1 - (-3 + 3))
4
What is the value of -41 - (-7 - 16) - -20?
2
What is 0 - 9 - (4 - 0 - -2)?
-15
(6 + 0 - 0) + (6 - 22) + 3
-7
12 - (30 - (4 - -3))
-11
Calculate 33 + (18 - 8) + -34.
9
What is the value of (0 - 4) + -4 - ((-28 - -43) + -11)?
-12
What is 0 + 1 + -34 - (-24 + -50 + 67)?
-26
Calculate -43 - (2 + -27 + 5).
-23
-5 + -6 + (6 - -11)
6
Calculate -14 + -9 + (54 - 14).
17
What is the value of 8 + (9 - -4) - 15?
6
What is -19 + 0 - (37 + -17 + 9 + -29)?
-19
44 - (44 - (-10 - -35))
25
Calculate (-7 - -3 - 0) + 33 + 3.
32
What is 5 - (0 + 7 - (-3 + 3 - 10))?
-12
-1 + 21 + -17 - (33 + -6)
-24
0 - 0 - ((-24 - (-1 + -12)) + 14)
-3
Evaluate -20 + -4 - (-56 - -34).
-2
Calculate 21 + (1 - 9) + -23 + 4.
-6
What is -11 - (-9 - (7 - (-1 - -15)))?
-9
What is -6 + 18 + -4 + -9 + (-1 - 9)?
-11
What is the value of 2 + -4 - 4 - (-45 - (-44 - -19))?
14
What is the value of 1216 + -1224 - (-1 + -10 + -1)?
4
Evaluate -10 + 25 - (18 - (10 + 14)).
21
27 - (13 + -6 + -6 + 7)
19
Evaluate -4 + 4 + (20 - 18 - (0 - 2)).
4
(-6 - -3) + 29 + -36 + 24
14
Calculate -1 - (0 + (15 - 10)) - -1.
-5
What is the value of 0 + -33 - (7 - 18)?
-22
What is -14 - -18 - 5 - 2?
-3
-18 - ((-10 - -31) + -23)
-16
What is the value of 0 + (1 - 0) + (-5 + 8 - -1)?
5
What is the value of -32 + 28 + 10 + (-2 - -3 - -6)?
13
What is (-1 - -3) + 1 + 1 + 0 + 9?
13
Evaluate 0 + 12 + (23 - (-8 + 23)).
20
(-3 - 7) + 3 - (8 + -13)
-2
Evaluate (-2 - -25) + (-111 - -65).
-23
What is -22 + 0 - (373 + -406)?
11
What is the value of -19 + 60 + -34 - (-2 + -19)?
28
-13 + (10 - (-5 + 0))
2
What is -13 + (30 - 12) + 4?
9
What is 9 - -30 - (0 - -7)?
32
-20 + (15 - 35 - -19) + (7 - 0)
-14
19 + -71 + -22 + 58
-16
Calculate 0 + -2 + -8 + (5 - 0).
-5
What is the value of 33 + -21 + 5 - 23?
-6
What is the value of (-2 - -11) + 12 + 6 + -33?
-6
Evaluate 2 - (-6 - 1 - (-9 + 2) - -1).
1
What is 25 - -1 - (-7 - -20)?
13
Evaluate (-4 + -3 - -4) + -4 - (4 - 1).
-10
Evaluate (54 - 56) + (4 - -3).
5
Evaluate 17 + (-2 - 13) - 29.
-27
What is the value of -1 + 2 + (-14 - (-10 + -15 + -15))?
27
Calculate -3 - -16 - (-20 - -59).
-26
What is 15 + -8 + 6 - 9 - -22?
26
Calculate (-81 - -72) + (-9 - -6 - 5).
-17
Calculate (-51 - -14) + (5 - -58).
26
10 + (21 - 57) - (-2 - (4 - -2))
-18
Evaluate (0 + 12 - 8) + -8.
-4
What is (12 - (7 - 9)) + (-2 - -3)?
15
What is the value of 20 + 8 + -14 + -10 + -17?
-13
4 + -7 + -5 + 20
12
What is -14 + (-8 - (-50 + (-11 - -12)))?
27
(-10 + 6 - (1 - -1)) + (7 - 5)
-4
Calculate -41 - -1 - (116 + -133).
-23
-16 - (-11 + 7) - (-7 - -4)
-9
Evaluate -2 - -35 - (21 + -1 + -16).
29
What is (-14 - -14) + -11 + 2?
-9
What is 9 + -9 + -8 + 8 - 0?
0
0 - (-19 + 16) - -15 - 51
-33
Evaluate 4 - (-8 + (5 - 1) + (2 - -9)).
-3
Evaluate 45 + (2 - 68) - 4.
-25
What is the value of -9 + (-1 - -6) + (9 - 7) + 17?
15
Calculate -9 - -16 - -2 - 2 - -3.
10
Evaluate (2 - -3) + (-13 - -21) - 0.
13
-2 + -16 + (-199 - -259) + (-1 - 2)
39
What is 23 + -34 - (-11 + -9)?
9
Evaluate 119 + -124 + 1 + -1 + -3 + 4.
-4
What is the value of -28 + 12 - (-34 + 5)?
13
Calculate 641 - 572 - (31 + 4).
34
What is the value of -7 + 2 - (-16 + 58 - 39)?
-8
Evaluate 0 + -8 + 17 + 3.
12
Calculate 11 - 28 - -21 - (1 + 4).
-1
14 + (7 - (5 - -10)) + (1 - 4)
3
Evaluate -9 - (-22 - (13 + -17 - -1)).
10
Evaluate (0 - (0 - -2)) + (-8 - 10 - -5).
-15
What is the value of (2 + 8 - 13) + 9 - 20?
-14
Calculate -1 - -32 - (-13 - (-33 + 14 - -11)).
36
What is 12 + -6 - ((11 - (-12 + 12)) + -10)?
5
-1 - -34 - (110 - 92)
15
11 - (-1 - -4 - 3 - (-2 - -3))
12
What is 30 - (-29 - -54) - (14 + 0)?
-9
What is the value of 6 + -5 - (-5 - (4 - (0 + 11)))?
-1
Evaluate -6 + 9 - (1 + -6) - 5 - 1.
2
(-4 - -2) + (-6 - -17 - (11 + -16))
14
What is the value of -3 - (4 + -3 - (0 + 7))?
3
What is -15 + 10 + (-10 - (-6 + (5 - 6)))?
-8
-7 - (-18 - 6) - 2
15
Evaluate 1 + 3 - (-9 - (-14 + 12) - -19).
-8
What is the value of -33 + 28 + 5 + -13?
-13
-13 + (6 - (11 + -20)) + 0 + 31
33
What is 229 + -235 + (2 - (-1 + -12 - 1))?
10
Evaluate 45 - (136 - 28) - -46.
-17
Evaluate -1 - -2 - 23 - ((107 - 147) + 46).
-28
Calculate -6 - (-15 + 11 + -3).
1
-10 - -8 - ((0 - -7) + -2) - 1
-8
Evaluate 23 - (40 + 26 + -28).
-15
8 - (13 - (-6 + 9))
-2
Calculate (6 + -2 - (21 - 13)) + 13.
9
What is -1 + -13 - (24 + -16 + -13)?
-9
What is the value of -12 - (16 - 4 - 6 - 9 - 2)?
-7
What is the value of (2 + -2 + -5 - (9 + -16)) + -10?
-8
Evaluate (5 - (11 + (-2 - -3))) + -2 + -4.
-13
61 + -49 - (0 - -10)
2
What is the value of -4 - 1 - (2 + -18 + (2 - -4))?
5
What is (4 - (9 - 2) - (19 - 2)) + 7?
-13
What is the value of (-22 + 2 - -18) + -5?
-7
Calculate 1 + -17 + 8 + 1 + 15.
8
Evaluate (-471 - -464) + (-1 - 0) + -7 + 1.
-14
Calculate 14 + (6 - -9) - 39.
-10
Calculate (-26 - (19 + -10 + -17)) + 6.
-12
Calculate -8 + (15 - ((3 - 6) + 16)).
-6
What is -1 + 6 + (5 + -17 - 5)?
-12
Calculate -374 + 359 + (6 - 8).
-17
What is the value of (-7 + -1 - -6) + -3 - (-1 + -7)?
3
Evaluate 12 - ((-11 - -4) + 2).
17
Evaluate (-12 - -3) + -1 + 3 + 1 + 16.
10
Calculate -8 + 12 + -5 + (-4 - -2).
-3
Calculate -18 + 11 + 12 - (31 - 0).
-26
Evaluate 52 + -59 + 34 - 38.
-11
-28 + 8 + 23 + 9
12
What is -18 + (0 - (-2 - -1 - 3))?
-14
What is the value of 7 + -7 + (29 - 17)?
12
Calculate (-19 - -1) + (-13 + 16 - -6).
-9
207 - 175 - (0 - -16)
16
Calculate (-9 - (-13 - -9)) + 5 + -8 + 27.
19
What is the value of 1 + 5 - (-4 - -23) - -1?
-12
Evaluate 12 + (-26 - -14) + (-2 - -3